{"id":2493,"date":"2024-12-15T22:58:15","date_gmt":"2024-12-16T01:58:15","guid":{"rendered":"https:\/\/www.servisteelltda.cl\/?post_type=product&#038;p=2493"},"modified":"2024-12-15T22:59:01","modified_gmt":"2024-12-16T01:59:01","slug":"candado-scanavini-digito-negro","status":"publish","type":"product","link":"https:\/\/www.servisteelltda.cl\/?product=candado-scanavini-digito-negro","title":{"rendered":"CANDADO SCANAVINI  DIGITO NEGRO"},"content":{"rendered":"<p>El Candado Combinaci\u00f3n Scanavini Classic TSA Negro es la elecci\u00f3n perfecta para quienes buscan seguridad y tranquilidad durante sus viajes. Este candado TSA de 30 mm cuenta con un gancho de acero protegido y endurecido, asegurando una durabilidad excepcional. Su cuerpo est\u00e1 recubierto con una cubierta protectora que a\u00f1ade una capa extra de resistencia. El sistema de cierre por combinaci\u00f3n de 3 d\u00edgitos es f\u00e1cil de usar y elimina la necesidad de llaves. Aprobado por la TSA, permite a la Agencia de Seguridad inspeccionar las maletas sin romper ni da\u00f1ar el candado, garantizando que tus pertenencias est\u00e9n siempre seguras. De color negro y con una forma redonda, este candado combina funcionalidad y estilo. Ideal para cualquier viajero, el Candado Classic TSA Negro de Scanavini es nuevo y listo para proteger tus bienes m\u00e1s preciados.<\/p>\n","protected":false},"excerpt":{"rendered":"<p>El Candado Combinaci\u00f3n Scanavini Classic TSA Negro es la elecci\u00f3n perfecta para quienes buscan seguridad y tranquilidad durante sus viajes. Este candado TSA de 30 mm cuenta con un gancho de acero protegido y endurecido, asegurando una durabilidad excepcional. Su cuerpo est\u00e1 recubierto con una cubierta protectora que a\u00f1ade una capa extra de resistencia. El sistema de cierre por combinaci\u00f3n de 3 d\u00edgitos es f\u00e1cil de usar y elimina la necesidad de llaves. Aprobado por la TSA, permite a la Agencia de Seguridad inspeccionar las maletas sin romper ni da\u00f1ar el candado, garantizando que tus pertenencias est\u00e9n siempre seguras. De color negro y con una forma redonda, este candado combina funcionalidad y estilo. Ideal para cualquier viajero, el Candado Classic TSA Negro de Scanavini es nuevo y listo para proteger tus bienes m\u00e1s preciados.<\/p>\n","protected":false},"featured_media":2494,"comment_status":"open","ping_status":"closed","template":"","meta":{"site-sidebar-layout":"default","site-content-layout":"","ast-site-content-layout":"default","site-content-style":"default","site-sidebar-style":"default","ast-global-header-display":"","ast-banner-title-visibility":"","ast-main-header-display":"","ast-hfb-above-header-display":"","ast-hfb-below-header-display":"","ast-hfb-mobile-header-display":"","site-post-title":"","ast-breadcrumbs-content":"","ast-featured-img":"","footer-sml-layout":"","theme-transparent-header-meta":"default","adv-header-id-meta":"","stick-header-meta":"","header-above-stick-meta":"","header-main-stick-meta":"","header-below-stick-meta":"","astra-migrate-meta-layouts":"set","ast-page-background-enabled":"default","ast-page-background-meta":{"desktop":{"background-color":"var(--ast-global-color-4)","background-image":"","background-repeat":"repeat","background-position":"center center","background-size":"auto","background-attachment":"scroll","background-type":"","background-media":"","overlay-type":"","overlay-color":"","overlay-opacity":"","overlay-gradient":""},"tablet":{"background-color":"","background-image":"","background-repeat":"repeat","background-position":"center center","background-size":"auto","background-attachment":"scroll","background-type":"","background-media":"","overlay-type":"","overlay-color":"","overlay-opacity":"","overlay-gradient":""},"mobile":{"background-color":"","background-image":"","background-repeat":"repeat","background-position":"center center","background-size":"auto","background-attachment":"scroll","background-type":"","background-media":"","overlay-type":"","overlay-color":"","overlay-opacity":"","overlay-gradient":""}},"ast-content-background-meta":{"desktop":{"background-color":"var(--ast-global-color-5)","background-image":"","background-repeat":"repeat","background-position":"center center","background-size":"auto","background-attachment":"scroll","background-type":"","background-media":"","overlay-type":"","overlay-color":"","overlay-opacity":"","overlay-gradient":""},"tablet":{"background-color":"var(--ast-global-color-5)","background-image":"","background-repeat":"repeat","background-position":"center center","background-size":"auto","background-attachment":"scroll","background-type":"","background-media":"","overlay-type":"","overlay-color":"","overlay-opacity":"","overlay-gradient":""},"mobile":{"background-color":"var(--ast-global-color-5)","background-image":"","background-repeat":"repeat","background-position":"center center","background-size":"auto","background-attachment":"scroll","background-type":"","background-media":"","overlay-type":"","overlay-color":"","overlay-opacity":"","overlay-gradient":""}},"advanced_seo_description":"","jetpack_seo_html_title":"","jetpack_seo_noindex":false,"jetpack_publicize_message":"","jetpack_publicize_feature_enabled":true,"jetpack_social_post_already_shared":true,"jetpack_social_options":{"image_generator_settings":{"template":"highway","enabled":false},"version":2}},"product_cat":[236,233],"product_tag":[],"class_list":{"0":"post-2493","1":"product","2":"type-product","3":"status-publish","4":"has-post-thumbnail","6":"product_cat-candado","7":"product_cat-seguridad","8":"desktop-align-left","9":"tablet-align-left","10":"mobile-align-left","12":"first","13":"instock","14":"taxable","15":"shipping-taxable","16":"purchasable","17":"product-type-simple"},"jetpack_publicize_connections":[],"jetpack_sharing_enabled":true,"jetpack_likes_enabled":true,"_links":{"self":[{"href":"https:\/\/www.servisteelltda.cl\/index.php?rest_route=\/wp\/v2\/product\/2493","targetHints":{"allow":["GET"]}}],"collection":[{"href":"https:\/\/www.servisteelltda.cl\/index.php?rest_route=\/wp\/v2\/product"}],"about":[{"href":"https:\/\/www.servisteelltda.cl\/index.php?rest_route=\/wp\/v2\/types\/product"}],"replies":[{"embeddable":true,"href":"https:\/\/www.servisteelltda.cl\/index.php?rest_route=%2Fwp%2Fv2%2Fcomments&post=2493"}],"version-history":[{"count":1,"href":"https:\/\/www.servisteelltda.cl\/index.php?rest_route=\/wp\/v2\/product\/2493\/revisions"}],"predecessor-version":[{"id":2495,"href":"https:\/\/www.servisteelltda.cl\/index.php?rest_route=\/wp\/v2\/product\/2493\/revisions\/2495"}],"wp:featuredmedia":[{"embeddable":true,"href":"https:\/\/www.servisteelltda.cl\/index.php?rest_route=\/wp\/v2\/media\/2494"}],"wp:attachment":[{"href":"https:\/\/www.servisteelltda.cl\/index.php?rest_route=%2Fwp%2Fv2%2Fmedia&parent=2493"}],"wp:term":[{"taxonomy":"product_cat","embeddable":true,"href":"https:\/\/www.servisteelltda.cl\/index.php?rest_route=%2Fwp%2Fv2%2Fproduct_cat&post=2493"},{"taxonomy":"product_tag","embeddable":true,"href":"https:\/\/www.servisteelltda.cl\/index.php?rest_route=%2Fwp%2Fv2%2Fproduct_tag&post=2493"}],"curies":[{"name":"wp","href":"https:\/\/api.w.org\/{rel}","templated":true}]}}